is 10021102101 - -10012?
10021112120
In base 13, what is 1 - -6208326?
6208327
In base 4, what is 10 + 1323220333231?
1323220333301
In base 8, what is -145503106 - -4?
-145503102
In base 7, what is 200 - -223046?
223246
In base 8, what is -437 + 37762?
37323
In base 11, what is 52832187 + 0?
52832187
In base 15, what is -28c229 - -4e?
-28c1ca
In base 16, what is 22d3b9 + -14?
22d3a5
In base 7, what is 552634 - -4025?
556662
In base 7, what is 2 + 4334356615?
4334356620
In base 7, what is -26341 + -5242?
-34613
In base 9, what is -2 + -436506?
-436508
In base 13, what is -133 + -43a53c?
-43a672
In base 6, what is 4030503 - -252?
4031155
In base 2, what is 1001000000111000 - 11011110100?
1000100101000100
In base 10, what is 158475 + -1562?
156913
In base 14, what is -36 - 47bb4c?
-47bb84
In base 4, what is -311 - 22321203203?
-22321210120
In base 3, what is 202222 - 1111010?
-201011
In base 14, what is -2 - 6699d66?
-6699d68
In base 2, what is 11 - 1001000011001010001011110?
-1001000011001010001011011
In base 8, what is -116 + -23313722?
-23314040
In base 14, what is -2 - -109d249?
109d247
In base 12, what is 2 - b3458b?
-b34589
In base 14, what is -bc4510 - cd?
-bc45dd
In base 5, what is -40 + -3302404120?
-3302404210
In base 3, what is 121200121 - 10222?
121112122
In base 11, what is -2775568 + 33?
-2775535
In base 13, what is 7 - -1a4190?
1a4197
In base 3, what is 110022221201 - -20?
110022221221
In base 3, what is 211202111111 - 10111?
211202101000
In base 6, what is 1 - 1200545205?
-1200545204
In base 10, what is -3593 + 1535?
-2058
In base 2, what is -100 + 1001110011111010001100?
1001110011111010001000
In base 16, what is -3d9c + 418?
-3984
In base 7, what is -264063 - -21?
-264042
In base 16, what is -8c35 + 2fde?
-5c57
In base 2, what is 1000101 - 1000111010110000000?
-1000111010100111011
In base 5, what is 331021342 + -133?
331021204
In base 8, what is 4 - -441014712?
441014716
In base 16, what is -98fa4a + 0?
-98fa4a
In base 16, what is -1d5 - 1182b?
-11a00
In base 12, what is 2865 - -165?
2a0a
In base 3, what is 112222021020 + -112?
112222020201
In base 10, what is 21907235 - -11?
21907246
In base 15, what is -17c + 5767c?
57500
In base 9, what is -4 - -30615106?
30615102
In base 5, what is -14043 + 43121?
24023
In base 3, what is -12212000211211 + 1212?
-12212000202222
In base 16, what is 6e62 + 75?
6ed7
In base 15, what is -1b9b2 + 386?
-1b62b
In base 15, what is 4d2cd + -6e?
4d25e
In base 15, what is -2292 + -230?
-24c2
In base 6, what is 204 + -253010515?
-253010311
In base 3, what is 10 + -102212220212102022?
-102212220212102012
In base 13, what is 1ab671 + -85?
1ab5b9
In base 4, what is -30132 + -2103221?
-2200013
In base 14, what is -4d354 + 15?
-4d33d
In base 9, what is -8184 + -456?
-8651
In base 7, what is 21444 - 3015?
15426
In base 11, what is 195 + -9aa59?
-9a874
In base 13, what is 3 + 87762?
87765
In base 13, what is 34c + 9b5b7?
9b936
In base 8, what is 44133 - 23152?
20761
In base 4, what is -231111222 + 1110?
-231110112
In base 12, what is -102677 - 88?
-102743
In base 13, what is 59c7b25 + -6?
59c7b1c
In base 11, what is -a09a620 - -24?
-a09a5a7
In base 5, what is -3 + -4441201313?
-4441201321
In base 14, what is -246 + c22?
9ba
In base 5, what is -10201 - -12004?
1303
In base 3, what is -21011212022100 + -2?
-21011212022102
In base 5, what is -4102333443403 + 0?
-4102333443403
In base 13, what is 4a1 - 3b2864?
-3b2393
In base 14, what is -2049a0d - 0?
-2049a0d
In base 14, what is -1b - -1520414?
15203d7
In base 7, what is -1 + 120660101?
120660100
In base 3, what is -120121200 + -22001?
-120220201
In base 14, what is -3d + 52b954?
52b915
In base 5, what is 200204033 - 230?
200203303
In base 5, what is 4314 - -2303012?
2312331
In base 15, what is 2 - 4984?
-4982
In base 13, what is -95603 + 13?
-955c0
In base 12, what is 61 + -8bb74?
-8bb13
In base 7, what is -11 + 32623012?
32623001
In base 9, what is -4 - -1258533?
1258528
In base 12, what is 11183 - 75?
1110a
In base 12, what is -10056 - a01?
-10a57
In base 6, what is -2520402350 + 2?
-2520402344
In base 10, what is 19 + -194258?
-194239
In base 12, what is -4 - -42b65b?
42b657
In base 13, what is -14 + -ac00382?
-ac00396
In base 12, what is 4237 - -42b18?
47153
In base 14, what is 17aa0 + 10?
17ab0
In base 2, what is -1010100110001111101011 + -101010101?
-1010100110010101000000
In base 15, what is -2a + -90cdd?
-90d18
In base 12, what is 1043 - 138171?
-13712a
In base 9, what is -4238010 + -16?
-4238026
In base 4, what is -1001020200101 + -3?
-1001020200110
In base 13, what is 10ac - -93c8?
a4a7
In base 12, what is 23bb - -19983?
20182
In base 3, what is 20020112011 + 201120?
20021020201
In base 4, what is 220111230312 + 1?
220111230313
In base 2, what is 10010 + 1001110000011001110?
1001110000011100000
In base 11, what is 20 + -194730?
-194710
In base 15, what is 305217 - 0?
305217
In base 10, what is 9679164 - -2?
9679166
In base 12, what is 1545bb + 28?
154627
In base 3, what is 11 - 101122002002000?
-101122002001212
In base 14, what is -123 - 10c6a7?
-10c7ca
In base 5, what is 33344340 - -242?
33400132
In base 6, what is -3215 + 3304035?
3300420
In base 14, what is -62d0b8 + 5?
-62d0b3
In base 3, what is 111112021102000121 + -11?
111112021102000110
In base 12, what is 4 - a1030b?
-a10307
In base 9, what is -535 + 716355?
715720
In base 7, what is -2636614 + 401?
-2636213
In base 14, what is 25 + -4251c?
-424d7
In base 15, what is -1203 + -22d?
-1431
In base 11, what is 97 + 2a7078?
2a7164
In base 8, what is -142754 - -260?
-142474
In base 12, what is 1b12a8 - -6?
1b12b2
In base 15, what is -164e + 15917?
142b8
In base 5, what is -1 + -1103021133?
-1103021134
In base 12, what is -66 - 765a6?
-76650
In base 11, what is 18 - -1161787?
11617a4
In base 13, what is -68b89 + 3b7?
-687a2
In base 10, what is -667158 + 9?
-667149
In base 3, what is 2 - -111200102121122?
111200102121201
In base 6, what is -1 - 52240223?
-52240224
In base 2, what is -100001000111 + 10010100111011?
1110011110100
In base 8, what is -2 - 2030646144?
-2030646146
In base 15, what is 0 + 1dd4d18?
1dd4d18
In base 9, what is 7 + -24147665?
-24147657
In base 10, what is 3507937 - -86?
3508023
In base 2, what is -110001100101 - 1100101001?
-111110001110
In base 7, what is -3061 + -625415?
-631506
In base 16, what is -27260 + -45?
-272a5
In base 13, what is 424a4 + -82?
42422
In base 2, what is 10 - 1000000001000110101111?
-1000000001000110101101
In base 7, what is 61 - -10402424?
10402515
In base 14, what is dca04 - 18c?
dc856
In base 6, what is -1330450031 + -241?
-1330450312
In base 5, what is 32102121 - -3130?
32110301
In base 15, what is 6 + -44a6?
-44a0
In base 6, what is 31353 - -10113?
41510
In base 5, what is 10 - 40040123241?
-40040123231
In base 10, what is -63753985 - -1?
-63753984
In base 16, what is -58d99 + 3?
-58d96
In base 2, what is 0 + -10011010011111110?
-10011010011111110
In base 6, what is 1 + 25454014151?
25454014152
In base 5, what is -3 + -10011410402?
-10011410410
In base 3, what is -101002100120110 + 1112?
-101002100111221
In base 4, what is 1001121120 - 10?
1001121110
In base 8, what is 0 - 103315225?
-103315225
In base 15, what is -66 + -76b?
-7d2
In base 10, what is -14784 + 100212?
85428
In base 14, what is cd4363 - 3?
cd4360
In base 9, what is -3 - -17385302?
17385288
In base 5, what is 330013 - 1111040?
-231022
In base 11, what is -88 + 764106?
764029
In base 4, what is -1330320033 + 0?
-1330320033
In base 7, what is -1040252 - 225?
-1040510
In base 8, what is -4074 - -4133?
37
In base 14, what is 692997 + 0?
692997
In base 14, what is -2991 - -2371?
-620
In base 13, what is -5a - 1035c5c?
-1035cb9
In base 7, what is -2 - 6404520?
-6404522
In base 16, what is -1a - 16321a?
-163234
In base 8, what is 6024 + -34126?
-26102
In base 6, what is -24213022 + 35?
-24212543
In base 9, what is 5384820 + 6?
5384826
In base 5, what is -2334 + 32123312?
32120423
In base 8, what is 3 - 35057516?
-35057513
In base 3, what is 12000222 + -1200122?
10100100
In base 14, what is -97b + 1a?
-961
In base 3, what is 2111 + 10121210020?
10121212201
In base 3, what is 1001010122 - 120001112?
111002010
In base 12, what is 124b8 + 12?
1250a
In base 5, what is 343 + 3233340320?
32333412